1397. Let b = -447 - i. What is the units digit of b?
1
Let d be (-55)/(-45) + 6/(-27). Suppose -2*w + 17 + d = 0. What is the units digit of w?
9
Suppose 3*o + 1 = 2*a, -4*o - o = 2*a - 25. Suppose -174 + 50 = -4*j + a*l, -16 = -4*l. What is the tens digit of j?
3
Let u(x) = -x**2 - 6*x + 9. Let c(j) = -6*j**2 - j. Let w be c(1). Let v be u(w). Suppose -3*t - 2*b + 357 = 2*t, b - 143 = -v*t. What is the tens digit of t?
7
Suppose -5*z - x + 2585 = -9004, -z = 4*x - 2314. What is the tens digit of z?
1
Let s = 10176 + -4426. What is the hundreds digit of s?
7
Let v(l) = 1 + 3 - l + 4. Let k be v(7). What is the tens digit of ((-3)/(-6))/(k/26)?
1
Let w = 472 - 360. What is the units digit of w?
2
Let y = 39 - 45. What is the units digit of (-2)/y + 356/3?
9
What is the units digit of (-10313)/(-3) - 1 - (-15)/45?
7
Suppose 41 = 5*k - 9. Let x be k/1*(-2 + 4). Suppose -x*d + 22 = -19*d. What is the tens digit of d?
2
Let k = 10 + -25. Let v be -10*(432/k)/4. Suppose -g = 2*g - v. What is the tens digit of g?
2
Let u(f) = -f - 4. Let d be u(-2). What is the units digit of (4 + -4)/d - -65?
5
Let d(m) = -16*m - 27. Let c(h) = -2*h - 1. Let w(j) = -6*c(j) + d(j). What is the units digit of w(-6)?
3
Let r = -1869 - -4520. What is the units digit of r?
1
Let y = 18 - 14. Let l be -2*-2*y/8. Suppose 0 = 2*x - l*c - 2, -2*x - 5*c + 12 = 3. What is the units digit of x?
2
Let u = 1746 - 1006. What is the hundreds digit of u?
7
Let j be ((-71)/3)/(17/(-51)). Let o = j - -188. What is the tens digit of o?
5
Let j(c) = -5 - c**2 - 2 + 15*c + 3. Let g be j(16). What is the tens digit of (-625)/g - (-6)/8?
3
Suppose 2*h + 0*h = 0. Suppose 0 = 3*x - 15, m - 25 = -x - 4*x. Suppose r - 14 + m = h. What is the tens digit of r?
1
Suppose -19*f = 4*i - 23*f - 3080, -2*i = 4*f - 1570. What is the tens digit of i?
7
What is the tens digit of (-6)/((-288)/2056) - (-2)/12?
4
Let g(z) = -6*z + 3*z**3 + 155 - z**2 - 58 + 5*z - 2*z**3. Let m be g(0). Suppose 5*d = -0*n - 2*n + m, 0 = 5*n - 5. What is the tens digit of d?
1
Let n be (1830/14)/1 + (-2)/(-7). Let q = n + -62. What is the tens digit of q?
6
Suppose 0*t + t = -3*q - 46, 0 = t + 1. Let r = -13 - q. Suppose -r*x + 3*x = 24. What is the units digit of x?
4
What is the units digit of 721116/486 + (-4)/(-18)?
4
Let u(j) = 2*j**2 + 5*j - 7. Let g be u(-6). Let w = g + 0. What is the units digit of 20/w*(1 + 6)?
4
Let d be -3*(-2)/(4 + -2). Let t = 39 - 34. Suppose d*v + 3 = 0, -t*b = -2*b + 2*v - 22. What is the units digit of b?
8
Let i(u) = -2*u**2 - 17*u + 9. Let z be i(-9). Suppose d - g - 3 = 21, -5*d - 4*g + 93 = z. What is the units digit of d?
1
Let r(k) = 2*k**2 - 5*k - 19. Let p be r(9). Let y = p - 52. What is the units digit of y?
6
Suppose -4*v - 7960 = -2*t, -2*v = 15 - 5. What is the hundreds digit of t?
9
Let m = -245 - -982. What is the tens digit of m?
3
What is the units digit of 1122/26 - (-14)/(-91)?
3
Suppose -14*o + 32480 = -70. What is the units digit of o?
5
Let d(f) = 5*f**2 - f + 1. What is the units digit of d(3)?
3
Suppose -m = -2*i + 7, -3*m - 5 = -8*m. Suppose -v - 14 = -5*j, 5*v - 9 = -i. Suppose -4*s = 4*d - 68, -9 = -j*d - s + 38. What is the tens digit of d?
1
Suppose -2*s + 5*k + 827 = -183, s + 2*k = 487. What is the units digit of s?
5
Let r = -381 + 476. What is the units digit of r?
5
Suppose 6*x - 13338 = 1458. What is the thousands digit of x?
2
Let x(h) = h**3 - 4*h**2 + 2*h + 3. Let i be x(5). Suppose 5*y + k - i = 0, 0*y - 3*y + k + 26 = 0. What is the units digit of y?
8
Suppose -2843 = -27*o + 3205. What is the units digit of o?
4
Let x = -30 + 30. Suppose -4*v - p = -x*p - 287, 3*p = -3. What is the tens digit of v?
7
Let m be -1 - (2 + -112 + 0). Let n = m + -63. Suppose 0 = b - n + 16. What is the tens digit of b?
3
What is the hundreds digit of (-33536)/(-80) - ((-18)/(-15) + -1)?
4
Suppose 4*g = 4*t - 50 + 14, 4*t - 15 = -3*g. Suppose 4*m + 10 = t*m. Suppose -1 = 3*u + 5*n, 0 = 2*u - n - 26 + m. What is the units digit of u?
8
Suppose -6*k + 363 = -4935. What is the tens digit of k?
8
Let p be (-3 - (-10)/3)*-3. Let k be ((-50)/30)/(p/3). Suppose -g - k*l + 57 = 20, 4*g - 194 = 3*l. What is the units digit of g?
7
Suppose -4*f - 1 + 13 = 0. Suppose -3 = f*u - 6*u, -3*l = 4*u - 472. What is the units digit of l?
6
Let w be 2/10 - (-534)/5. Let x(t) = 18*t + 3. Let p be x(-3). Let m = w + p. What is the units digit of m?
6
What is the hundreds digit of (10/25)/(1/645)?
2
Let f be (3 + -3)/3 - -4. Let l be ((-2)/(-3))/(f/(-30)). What is the units digit of 15/4*(3 - l)?
0
Let b = 32 + -92. Let k = b + 63. What is the units digit of k?
3
Let d(b) = -b**2 + b - 55. Let f be d(0). What is the units digit of f/(-2)*(-16 - -18)?
5
Let g = 25 - 17. Suppose -3*n - 2*s - 2 = 0, 5*s - g - 2 = 0. What is the tens digit of (-130)/(-6) - n/6?
2
Let n = -46 + 49. Suppose -27 = -5*j - d, 2*j - d - 24 = n*d. What is the units digit of j?
6
Suppose 15*t = 6*t + 36. Suppose 0 = -4*m - s + 655, -t*s + 57 = m - 88. What is the hundreds digit of m?
1
Suppose -2*x - h + 9 = 0, -2*x - 3*h = 3*x - 23. Suppose -x*p = -6*p. Suppose 4*n - 4 = a + 3*n, a - 2*n + 9 = p. What is the units digit of a?
1
Let b(k) = k - 1. Let x be b(5). Suppose -6 = 2*u + x*u. What is the units digit of 64/4 - (-2)/u?
4
Let r(s) = 3*s**2 + 4*s + 2. Let g be r(-2). Suppose t + 5*d = 14, t + 3*d + 2 = g*d. Suppose -4*n = -t*x + x - 71, -x = -n + 19. What is the tens digit of n?
1
Let l = -18 - -18. What is the units digit of (l - -1)*(-2 - -46)?
4
Suppose -8*r = 5*r - 13. What is the tens digit of 225 + (9 + -7)*r/(-2)?
2
What is the tens digit of (-15)/3*(-836 - -21)?
7
Let o(s) = -s**3 - 18. Let n(w) = -w + 15. Let d be n(15). Let f be o(d). What is the tens digit of 3/2*(-132)/f?
1
Let r = -629 + 913. Let s = 404 - r. What is the hundreds digit of s?
1
Let x(t) = -5 - 36*t - 28*t + 9*t. What is the tens digit of x(-2)?
0
Let c(i) = -i**3 - 6*i**2 - 10*i - 8. Let r be c(-4). Suppose 186 = 3*w - w. Suppose r = -7*o + 10*o - w. What is the units digit of o?
1
Let v(o) = o**2 - 14*o + 89. What is the hundreds digit of v(-15)?
5
Let s(d) = -54*d - 39. Let t be s(-5). Let v = t - 2. What is the tens digit of v?
2
Let y = 430 - -248. What is the units digit of y?
8
Let o be 60/4*2/(-6). What is the tens digit of 15/o - (-76 - 2)?
7
Let k(l) = -l**3 - 6*l**2 + 11*l + 10. Let x be k(-7). Let a = 46 + x. Let r = a + 8. What is the units digit of r?
6
Let i(j) = j**3 + 14*j**2 - j - 10. Let d be i(-14). Suppose 0*s - d*s = -68. What is the tens digit of s?
1
Let l = -26 + 30. Suppose 54 = l*c - 122. What is the units digit of c?
4
Let i(x) = -x - 5. Let y(t) = t**3 + 2*t**2 - 2*t + 1. Let a be y(-3). Let q be i(a). What is the tens digit of 16 + (q - -4*1)?
1
Suppose 0 = 3*z + 5*r - 423, 5*z = 3*r + 289 + 382. What is the tens digit of z?
3
Let z(a) = a**3 + 5*a**2 - 6*a + 3. Let i be z(-6). Suppose i*h = 10 + 5. What is the tens digit of (-4)/h + 2690/50?
5
What is the units digit of (-50813)/(-28) - (3 - (-13)/(-4))?
5
Suppose -5*x - 2*j = -4*j - 19, 4*j = x - 11. Suppose -4*v + u = -0*v - 39, x*u = -3*v + 48. What is the units digit of v?
1
Suppose 4*r - 88 = -4*w, r - 2*r - 5*w = -38. Suppose r*x - 23*x + 1100 = 0. What is the hundreds digit of x?
2
Suppose -3*o - 71 = -3*m + 184, -173 = -2*m + 5*o. Let a be 30/5*(-10)/(-12). Suppose -q = -2*l + 42, l - 5*q + m = a*l. What is the tens digit of l?
2
What is the units digit of (-12)/60 - 6682/(-10)?
8
Let g(a) = -a - 1. Let h(q) = q + 1. Let x(b) = -2*g(b) - h(b). Let s be x(1). Let z = 3 + s. What is the units digit of z?
5
Let s(i) = -38*i - 3. Suppose -2*r + 1 = 5. What is the units digit of s(r)?
3
Let y(h) = h**3 + 10*h**2 - 4*h - 9. Suppose 31 = 3*a - 35. Let i = 12 - a. What is the tens digit of y(i)?
3
Let b(d) = d - 8. Let g be b(10). Suppose f + x = g, -x - 4 + 2 = 3*f. Let z = 7 + f. What is the units digit of z?
5
Let n = -16 + 13. What is the tens digit of ((-54)/(-4))/(n*5/(-90))?
8
Let q(r) = -r**3 - 4*r**2 + 2*r + 5. Suppose -5*z = -3*z + 2*p - 22, 0 = -3*z - 2*p + 28. Suppose -z*o + 10 = -8*o. What is the units digit of q(o)?
0
Let n(g) = 11*g**3 - 9*g + 1. What is the hundreds digit of n(4)?
6
Let d = -42 - -16. Let i be 10/(-65) + 802/d. Let l = i 